te the highest common factor of 92 and n.
23
Suppose 74*q - 43070 = 61486 + 2892. Calculate the highest common divisor of 168 and q.
12
Let m be (-2 + 2)/7 + 898. Let v = m + -770. What is the highest common divisor of v and 48?
16
Let j(u) = -u**3 + 9*u**2 + 8*u + 20. Let w be j(10). Suppose w = -2*k + 5*r + 31 - 19, 4*k - 5*r - 44 = 0. Calculate the greatest common factor of k and 64.
16
Let c be (-4 - -1)/((81/504)/((-255)/68)). Suppose o + 448 = 3*o. What is the greatest common factor of o and c?
14
Let y(t) = 5953*t + 17987. Let g be y(-3). Suppose -c + 576 = 2*c. Calculate the greatest common factor of g and c.
64
Suppose i + 3*i = -3*k - 23, 0 = -i + 4*k - 1. Let g be 4/((-3507)/707 - i). What is the greatest common factor of 707 and g?
101
Let b(p) = -18*p - 151. Let z be b(-9). What is the greatest common factor of z and 6523?
11
Let w(u) = 13*u**3 - 6*u**2 + 4*u - 18. Let z be w(4). Let d = z - 360. Calculate the greatest common factor of d and 22.
22
Suppose -87 - 93 = 5*r. Let n be -218*3/(-9) + 6/(-9). Let v = r + n. What is the greatest common divisor of v and 9?
9
Let a(s) be the second derivative of -s**5/20 - s**4/3 - 3*s**3/2 - 4*s**2 - 84*s. Let r be a(-6). Calculate the greatest common factor of r and 59.
59
Let b(c) = c**3 + 13*c**2 - 20*c. Let f be b(-12). Let w(g) = -6*g - 62. Let h be w(-13). What is the highest common factor of h and f?
16
Suppose -3*t = 3*j - 33, -6*t + 31 = 5*j - 9*t. Suppose j*c = -277 + 4421. Calculate the greatest common divisor of c and 74.
74
Suppose -1262 = -16*h + 2437 + 5341. Calculate the greatest common factor of 20 and h.
5
Let m = 19 - 9. Let c = -239 + 243. Let p be (-6 - -5)*c + 84. Calculate the greatest common divisor of p and m.
10
Suppose 5*i + 29 = 3*y, -3*i - 27 = -5*y - 0. Suppose y*l = -l. Suppose 5*a = -v - 3, l*v + 2*a + 10 = 4*v. What is the greatest common divisor of v and 16?
2
Let c(u) = 365*u + 2929. Let d be c(-8). What is the highest common divisor of 11313 and d?
9
Let b = -8545 - -13825. What is the highest common divisor of b and 33?
33
Let m(t) be the third derivative of 5*t**4/24 + 16*t**3 + 89*t**2. Let i be m(-10). Calculate the greatest common divisor of i and 506.
46
Suppose -3*z - 46 = -4*q, -2*q - 3*z + 16 = -z. Let w be (1 + 9/21)/((-2)/(-322)). Calculate the highest common divisor of w and q.
10
Let o = -2426 - -2370. Let a = -33 - 31. Let h = o - a. What is the highest common divisor of h and 40?
8
Let q = -292 + 345. Let m = q - 3. Let s(x) = -17*x - 11. Let z be s(-8). Calculate the highest common factor of m and z.
25
Let a be ((-7)/((-14)/5) - 5)*7304/(-110). What is the greatest common factor of 15853 and a?
83
Let m be 44/(-10 + 63/9 + 4). Calculate the highest common divisor of 1826 and m.
22
Suppose -g = -3*b - 306, -2*g + 232 + 398 = 3*b. What is the highest common divisor of g and 36?
12
Let m(b) = 498*b - 870. Let u be m(2). What is the highest common divisor of u and 9828?
126
Let y = -10 + 9. Let r(p) = -4*p - 1. Let j be r(y). Suppose 30 = j*f + 2*f. Calculate the greatest common factor of 30 and f.
6
Let i(t) = 528*t - 5116. Let v be i(35). What is the highest common divisor of 156 and v?
52
Let h be 1/3 + 1/(15/2695). Suppose h + 13 = 3*n + 4*q, -3*n - 2*q + 191 = 0. Suppose 5*x - 553 = -n. What is the highest common factor of x and 14?
14
Let p = -11366 - -11455. Calculate the highest common divisor of 2848 and p.
89
Suppose 8 = -36*m - 64. Let y be m/(-13) + (-1420)/(-65). What is the highest common divisor of 209 and y?
11
Let l = 5241 + -4731. Calculate the highest common divisor of l and 1836.
102
Suppose 0 = 34*y - 26*y + 688. Let r = y + 110. Let l(s) = s**3 + s**2 - 7*s + 6. Let q be l(6). Calculate the greatest common factor of q and r.
24
Let g(y) = y**3 + 9*y**2 - 24*y + 13. Let r = 703 + -713. Let h be g(r). Calculate the greatest common factor of h and 9.
9
Let q(y) = 11 - 19 - 6 - 19 + 14*y. Let r be q(3). What is the greatest common factor of 261 and r?
9
Suppose -23 = -5*o - 3. Let n be 10/20 - (-198)/o. Suppose -56*k + 57*k = -4*q + 83, -3*q - 4*k + 72 = 0. Calculate the highest common divisor of n and q.
10
Let n(r) = -212*r - 2616. Let i be n(-14). Calculate the greatest common divisor of 1496 and i.
88
Let o = -2 - -68. Let u = 108 + -33. Let g be u/7 - (-8)/28. Calculate the greatest common factor of g and o.
11
Let k be (228/722)/(1/19). Suppose s = -s - 3*d + 1, -2*d - 16 = -2*s. Suppose 5*z - v - s = 7, -3*z + 24 = 5*v. What is the highest common divisor of k and z?
3
Let u = -34 + 47. Let t = 63 + -59. Suppose 0 = -3*v - t*a + 90, -67 = 12*v - 14*v - 5*a. What is the greatest common factor of u and v?
13
Let i(g) = -262*g + 1474. Let l be i(5). Calculate the highest common divisor of 5658 and l.
82
Suppose 3*g - 5*k - 565 = 14, 189 = g - 3*k. Let f be 1/7 + 81/21. Suppose 60 = f*u - 12. What is the greatest common factor of g and u?
18
Suppose 4*t - 3*r = -0*r + 5979, -2*t + 2992 = -4*r. Let o = t - 662. What is the highest common divisor of o and 13?
13
Suppose -x + 3*x = 0. Let n = 7370 - 6930. Suppose -13*v + 2*v + n = x. What is the highest common divisor of 10 and v?
10
Suppose 93 = -66*c + 5967. Calculate the greatest common divisor of 3827 and c.
89
Suppose 130 - 526 = 33*n. Let b be (405/n)/((-2)/(-16)*-3). Suppose 2*c = 5*u - c - 38, 5*u - 5*c = 30. Calculate the highest common factor of b and u.
10
Let l = 3 - 0. Let y be (-3 + -2 + -8)*-13. Let s = 190 - y. What is the greatest common divisor of l and s?
3
Suppose 1816 = 30*a - 2447 - 27. What is the greatest common divisor of a and 110?
11
Let u be 102/(-34) + -34 - -442. Let y = 31 - 16. Calculate the highest common divisor of u and y.
15
Let t be (2 - 1)/((-5)/(-10)). Let n be (4 - 4 - -28) + (-2)/t. Suppose -2*j + 2 = -j, 4*j = 3*x - 19. What is the greatest common factor of n and x?
9
Let g(c) = c**2 + 5*c - 21. Let r be g(-8). Suppose -577 + 64 = -r*q. Let v = q - 83. Calculate the greatest common factor of v and 66.
22
Let y(m) = -13*m + 364. Let u be y(25). Suppose -37*p = -u*p + 34. Calculate the greatest common divisor of p and 1.
1
Let o(f) = -7*f**2 + 388*f - 64. Let d be o(54). Calculate the highest common divisor of 28 and d.
28
Let i be (-438264)/(-270) + (-12)/(-16)*(-16)/(-15). Calculate the greatest common divisor of 2 and i.
2
Let f = -2 - -3. Suppose 0 = 10*g + 3*g - 13. Suppose 3*u = 2*l + g, 5*u + 3*l - l - 7 = 0. What is the greatest common divisor of u and f?
1
Let z(w) = -w**2 + 11*w + 6. Let a be z(7). Let k(l) = -l**3 + 7*l**2 + 8*l - 22. Let p be k(7). What is the highest common factor of p and a?
34
Let w be (-2 + -4)/2 - (8916/(-12) + -12). Calculate the greatest common divisor of 144 and w.
16
Suppose -4*f - 8 = -0*f - 76. What is the greatest common divisor of 510 and f?
17
Let t = 204 + -104. Suppose 0 = -3*k - 4*f + 237, -2*f - 60 = -k + 3*f. Calculate the highest common divisor of k and t.
25
Suppose 0 = 3*q + z - 622, -57*q + 2*z = -60*q + 620. Suppose -c = 4*o - 18 - 14, -88 = -5*c - 2*o. Calculate the greatest common divisor of c and q.
16
Let z be 107/5 + 22/(-55). Let g = 17 + z. Calculate the greatest common factor of 646 and g.
38
Let t(v) = 16*v**3 - 278*v**2 + 25*v - 99. Let q be t(20). Calculate the highest common factor of q and 334.
167
Let q(d) = -d**2 - 26*d + 381. Let l be q(14). Let v(g) = -3*g**2 - 6*g + 5. Let o be v(4). Let t = o - l. Calculate the highest common divisor of t and 14.
14
Suppose 12 = 3*i - 108. Let v be -1*8/10*(-6 + -24). What is the greatest common factor of v and i?
8
Suppose -15*g + 11*g = -100. Let s = 25 + g. Let y be 4/(-22) - (-171)/33. Calculate the highest common factor of y and s.
5
Let f(a) = -2*a**2 - 32*a - 8. Let i be f(-8). Let y(m) = 25*m + 198. Let j be y(-6). What is the greatest common factor of i and j?
24
Suppose 3*i - 5*k = 2*k + 88, -i = 5*k + 22. What is the greatest common divisor of 6799 and i?
13
Let u(t) = -t**3 + 10*t**2 - 22*t + 19. Let y be u(7). Let h be (-4)/(-10) - (-1248)/80. Calculate the greatest common divisor of y and h.
4
Let o(p) = 16*p**2 + 35*p + 21. Let x(b) = -37*b**2 - 69*b - 43. Let g(z) = -14*o(z) - 6*x(z). Let i be g(-37). What is the greatest common factor of 19 and i?
19
Let d be ((-2862)/48)/(-1) + (-6)/(-16). Calculate the highe